 0, 2*c + 3*v = 69. What is the greatest common divisor of c and p?
9
Let q = -58 - -81. Calculate the highest common factor of q and 184.
23
Let o = 49 + -23. Calculate the highest common factor of 234 and o.
26
Suppose 2*m - 2*j = -2*m + 1450, 2*j - 722 = -2*m. Suppose 3*s - m = -t, 4*s + 4*t - 490 = -t. Calculate the highest common divisor of s and 15.
15
Let k(o) = o + 1. Let j = -6 - -10. Let c be k(j). Let t = -26 + 46. Calculate the greatest common factor of t and c.
5
Let g(r) = -r**3 - 8*r**2 - 8*r - 1. Let w be g(-7). Suppose 2*d - w = -2. Suppose 6 - 76 = -d*y. What is the greatest common divisor of y and 7?
7
Suppose 5*q = -p + 3 + 33, 5*p - 96 = -4*q. Calculate the highest common divisor of p and 112.
16
Suppose -3 + 4 = p. What is the highest common factor of 17 and p?
1
Let x be 0/2 + (-20)/(-5). Let a be (3 - 0)/(x/12). What is the highest common factor of a and 18?
9
Let o(z) = z**2 + z + 6. Let r be o(0). What is the highest common divisor of r and 2?
2
Suppose 57 = 9*f + 3. Let a be ((-4)/(-5))/((-4)/(-10)). What is the highest common divisor of f and a?
2
Suppose -4*c + 12 = 2*j - 6*j, 3*j - 9 = 0. Calculate the highest common factor of 6 and c.
6
Let b = -44 + 64. What is the highest common factor of b and 20?
20
Let u(m) = -m**3 + 12*m**2 + 6*m + 16. Let j be u(12). Suppose -2*v - v + 53 = 4*d, 3*d - 30 = v. What is the highest common divisor of d and j?
11
Suppose 0 = 3*u + 4*j - 55, -4*u + 2*j + 1 + 43 = 0. Let h(o) = 11*o**2 + 3*o - 4. Let m be h(3). Calculate the greatest common divisor of u and m.
13
Let w(y) = -6 + 4*y - 2*y**2 + 2 + 6*y**2 + 0*y**2. Let o be w(-4). What is the greatest common divisor of o and 66?
22
Let d(k) = -6*k + 5. Let y be d(-2). Suppose -3*f + f + 24 = 5*w, -26 = -2*f - 4*w. What is the highest common factor of y and f?
17
Suppose -4*f + 125 = -35. Suppose 5*g = 4 + 6. Suppose 0 = j - 8 - g. Calculate the greatest common factor of f and j.
10
Let z be -62*((-2)/(-4) + -2). Suppose -3*y - 810 = -6*y. Suppose 0 = -3*a + z + y. What is the greatest common factor of 11 and a?
11
Let a(y) = y**2 + 4*y + 3. Let w be a(-4). Let g be 9 - -1 - 36/(-12). Suppose 0 = -5*d + g + 17. Calculate the greatest common divisor of w and d.
3
Let o(b) = -6*b**2 - 5. Let k(m) = -m**3 + m**2 + m. Let j(x) = -k(x) - o(x). Let n be j(-5). What is the highest common factor of n and 10?
10
Let o be 200/30 - (-4)/(-6). What is the highest common divisor of o and 6?
6
Let b(s) = 3*s - 10. Let g be b(4). Suppose -2*k = 4*h, g*h - 4 = 6*h. Calculate the highest common divisor of 10 and k.
2
Let b(o) = o**3 - 9*o**2 + o + 12. Let c be b(9). What is the greatest common divisor of 84 and c?
21
Suppose -3 = 4*j - 3*z - 26, 4*j - z = 13. Let c be 3/9 + 44/12. Let f be j/(c/26 + 0). Calculate the greatest common divisor of f and 117.
13
Let z(c) be the third derivative of -c**4/24 - 41*c**3/3 + 3*c**2. Let r be z(0). Let a = -19 - r. What is the greatest common factor of a and 9?
9
Suppose -3*s + 8 = -7. Suppose -10*j + 50 = -s*j. What is the highest common divisor of j and 10?
10
Let w be (60/(-24))/((-3)/18). What is the greatest common divisor of w and 15?
15
Suppose -4*u = -63 - 9. Let b = u + -29. Let w = 29 + b. Calculate the highest common divisor of 198 and w.
18
Let u be (-1492)/(-6) + (-4)/6. Let k(r) = -58*r - 27. Let d be k(-1). Calculate the highest common factor of u and d.
31
Let w = 190 + -185. What is the highest common divisor of w and 1?
1
Suppose -2 = 3*f - 11. Calculate the greatest common divisor of f and 27.
3
Let s = 0 - -4. Let j = 16 - s. Suppose -2*n = -9 + 3. What is the highest common factor of n and j?
3
Let y be (-1 + 2)*3 - 2. Let h be -5 - -6 - (-8 - y). Let a be (-122)/(-6) - (-5)/(-15). What is the greatest common factor of a and h?
10
Let s = -120 - -226. Suppose 4*l - 5*k - 71 = -0*l, 4*l + 2*k - s = 0. Let f = 210 + -150. Calculate the highest common factor of l and f.
12
Let i be (-16)/48 + 812/6. What is the highest common factor of i and 54?
27
Suppose 3*g - 1 = -10. Let a = g - 3. Let c = 13 + a. Calculate the highest common factor of 21 and c.
7
Let j(u) = -4*u - 12. Let q be j(-8). Let h = q - 11. What is the greatest common divisor of 36 and h?
9
Let u(q) = -q**2 + 2*q + 18. Let d be u(4). What is the greatest common factor of 110 and d?
10
Let x be 4730/50 + 4/10 + 1. Let d be (0 + 3 + 1)/2. Let w be ((-4)/3)/(d/(-18)). Calculate the highest common factor of w and x.
12
Let f = -7 + 11. Let k(w) = 2*w**2 + 2*w - 1. Let i be k(-2). Let x be -42*(2 - 8/i). What is the greatest common divisor of x and f?
4
Suppose 2*x - 33 - 107 = 0. Calculate the highest common factor of 14 and x.
14
Suppose -35 + 10 = -4*x + p, 2*x + p = 11. What is the greatest common factor of 21 and x?
3
Suppose 2*s - 11 = 2*n + 11, -4*s - n = -19. Let g = 10 - s. Suppose g*q + q = 500. What is the greatest common divisor of q and 10?
10
Let v = -110 + 326. What is the greatest common divisor of v and 24?
24
Let w be 18*((-40)/12 + 4). Calculate the greatest common factor of 132 and w.
12
Let k = -167 - -412. Calculate the greatest common divisor of k and 98.
49
Let a be 10/(-4)*(-2 + 8). Let b = a + 6. Let v be ((-9)/2)/(b/24). What is the highest common factor of v and 4?
4
Let s = 299 - 145. Calculate the greatest common divisor of s and 14.
14
Suppose m - 1 + 39 = 5*r, -3*r = -5*m - 36. Calculate the greatest common factor of r and 49.
7
Let m be (-2 + 3 + 0)/1. Let k(u) = 2*u - 5. Let x be k(5). Suppose 4*j + 4 = 0, x*j = d - 1 - 9. Calculate the highest common divisor of m and d.
1
Let k(z) = -z + 1. Let p(q) = -19*q + 3. Let r(b) = -6*k(b) + 2*p(b). Let g be r(-1). What is the greatest common divisor of g and 4?
4
Suppose -138 = -2*z - 26. What is the highest common divisor of 8 and z?
8
Let t = -26 + 43. Let f = t + -2. Suppose 0 = -5*p + 128 + 547. What is the greatest common factor of p and f?
15
Let c be 4 - ((-123)/3 + 3). Calculate the highest common divisor of c and 21.
21
Let k = 103 + -49. What is the greatest common divisor of k and 36?
18
Let q(z) = 2*z**2 - 10*z + 12. Let n be q(8). Suppose -5*c - 3*l + n = 0, -4*c + c + l = -36. What is the greatest common factor of 84 and c?
12
Suppose 0 = -3*k - 9 - 15. Let m be (-6 + 3)*7*k. What is the highest common factor of m and 21?
21
Let d be 7 + (24/4 - 3). What is the greatest common factor of 5 and d?
5
Let z = 18 - 27. Let b(s) = s**3 + 9*s**2 - s + 4. Let v be b(z). Suppose i = -5*l + 76, l = -5*i + 311 + 141. Calculate the greatest common divisor of v and i.
13
Let i be (-4)/26 + (-324)/(-78). Suppose -3*p - 81 = -4*z, i*z - 3*p + p = 82. Calculate the greatest common divisor of z and 63.
21
Let t(k) = -8*k - 5. Let c be t(-5). What is the greatest common factor of c and 280?
35
Suppose -320 = -4*s + 9*s. Let m = s - -97. What is the highest common factor of m and 3?
3
Let g(o) = 5*o**2 - 2*o + 2. Let d be (-3 + 6)*(-8)/(-12). Let r be g(d). Calculate the highest common divisor of r and 9.
9
Let z(r) = r**2 + 12*r + 11. Let s be z(-9). Let d = 38 + s. What is the greatest common factor of d and 55?
11
Suppose -5*l = 5*q + 160, 2*q = 2*l - l - 67. Let k be (-765)/q - (-4)/(-22). Calculate the highest common divisor of 161 and k.
23
Suppose 1 = 3*w - 2, 87 = 4*i - w. Calculate the highest common divisor of i and 66.
22
Suppose 16 = 5*i - 3*i. Calculate the greatest common divisor of 1 and i.
1
Let q(f) = 4*f + 10. Let h be q(7). Let u = 86 - h. What is the highest common factor of 12 and u?
12
Let z = -6 - -11. Let q be 1/(-1) + -6 + 52. What is the highest common divisor of q and z?
5
Let z = 1 + -1. Suppose 2*u - 5*u + 12 = z. Suppose 4*n = -2*p + 28, -p = -5*n + 4*p + 50. What is the highest common divisor of u and n?
4
Suppose -49 = -3*u + 14. Calculate the highest common divisor of u and 84.
21
Let v be (0/(-3))/1 + 306. Calculate the highest common divisor of 34 and v.
34
Suppose 4*w - 12 = 8. Suppose -5*a = 43 + 12. Let p = a - -16. What is the highest common divisor of w and p?
5
Let n(a) = 7*a**2 - 10*a - 3. Let d be n(-5). Calculate the highest common factor of 6 and d.
6
Let f be (-2)/(-8)*-2*-154. Let z = -5 + 12. Calculate the highest common factor of z and f.
7
Suppose -564 - 564 = -24*y. Calculate the highest common divisor of 